68 = 24. Let p be (333/(-37))/(22/(-16) + 1). Calculate the highest common factor of z and p.
8
Suppose -5*d = -7*h + h + 2*h + 81, 0 = -2*d - 26. Let a be ((-6)/4)/((-9)/264). Let b be 0*(-2)/(-6) + a. Calculate the greatest common factor of h and b.
4
Suppose 2*z - 7 - 46 = -5*m, 3*z = -3*m + 30. Suppose 109*j - 112*j + 252 = 3*q, -4*j + 2*q + 360 = 0. Calculate the greatest common factor of m and j.
11
Let l(o) = -o**3 - 20*o**2 + 22*o + 21. Let a be l(-21). Suppose -u + 27*u - 260 = a. Calculate the greatest common factor of u and 70.
10
Let t(s) = s**3 + 3*s**2 - s - 2. Let m be t(-3). Suppose 0 = -3*g + m + 2. Let x be 16 + 24/(-16)*(2 + 4). What is the greatest common factor of x and g?
1
Suppose 40*g + 40*g - 66*g - 2058 = 0. Calculate the greatest common divisor of g and 931.
49
Let z(w) = 37*w**2 - 58*w - 366. Let t(k) = 13*k**2 - 20*k - 122. Let d(g) = -17*t(g) + 6*z(g). Let f be d(19). What is the greatest common factor of f and 58?
29
Let j(x) = -121*x - 5910. Let a be j(-50). What is the highest common divisor of 4235 and a?
35
Suppose 26*h - 126*h = -800. What is the highest common divisor of h and 11?
1
Let w be (9/(-12))/(-22 - (-3955)/180). Calculate the greatest common factor of 4482 and w.
27
Let f(o) = 261*o + 87. Let j be f(5). What is the greatest common divisor of j and 240?
48
Let s = -1672 - -11392. Calculate the highest common factor of 40 and s.
40
Let o be (-1)/(10/(-1116)) - -2*9/(-30). What is the highest common divisor of o and 4107?
111
Suppose -c = 4*c + 55. Let p be c + (-1 - (-6 + 4)). Let v be 0*2/p + (1 - -62). What is the highest common divisor of v and 21?
21
Let r(y) = 3*y + 42. Let j be r(-14). Let u be j - -2 - 5 - -59. Let h = 19 + u. Calculate the greatest common factor of 15 and h.
15
Let g(u) = u**2 - 87*u - 641. Let x be g(-7). What is the highest common factor of x and 41021?
17
Suppose 5*a - 1164 = 4*g, 15*g = -5*a + 11*g + 1116. Calculate the greatest common divisor of a and 11058.
114
Suppose 0 = -4*o - 8, 2*n + n + 3*o = -6. Let f(i) = 36*i + 70. Let v be f(n). Calculate the highest common factor of 84 and v.
14
Let x = -12981 - -13034. Calculate the highest common factor of x and 2279.
53
Let o = 555 - 308. Suppose 2*s + 5*l - 48 + 17 = 0, -4*s + 4*l = -48. What is the highest common factor of o and s?
13
Let t = 73 - 68. Suppose 2*o + 3*o + t*g = 100, 0 = -4*g. Calculate the highest common divisor of 30 and o.
10
Let f(g) = -g**2 + 31*g - 76. Let v(q) = q**3 - 5*q**2 - 10*q - 8. Let w be v(7). Let h be f(w). What is the greatest common factor of 90 and h?
18
Suppose -x + 61809 = 5*z - 121231, -4*x = 0. Calculate the highest common factor of z and 208.
208
Let u = -18 - -27. Suppose -s + 1 = -u. Let g be 4488/40 - 2/s. What is the highest common divisor of 16 and g?
16
Suppose -3557 = 6*g - 4241. Calculate the greatest common divisor of 1311 and g.
57
Let p(l) = 1 + 5*l**3 - 53*l**2 + 41*l**2 + 38*l - 2 - 4*l**3. Let o be p(11). What is the highest common divisor of 16 and o?
8
Let d(u) = -3*u**3 + 8*u**2 - 5*u + 5. Let x be d(2). Calculate the highest common factor of 600 and x.
3
Let a be 34/9 - (-4)/18. Suppose -23 = -5*w - l, 0 = 2*w - 2*l + 3 - 5. Suppose -w*r = -4 - 0. What is the greatest common divisor of r and a?
1
Let x(n) = 183*n - 906. Let m be x(5). Calculate the highest common divisor of 258 and m.
3
Let q be (4/((-16)/6))/(5/700*-15). What is the highest common factor of q and 5621?
7
Let f(b) = 381*b - 7267. Let z be f(48). Calculate the greatest common divisor of 535 and z.
107
Let s(k) = 7*k + 54. Let c be s(-7). Suppose 3*q + c*f = 71, 3*q - 4*f = 171 - 55. What is the highest common factor of q and 128?
32
Suppose 14*d = 6*d + 80. Suppose -93 = 2*r - 269. Suppose -u + 72 = 3*s, 2*s - r = -2*s - 4*u. Calculate the greatest common divisor of d and s.
5
Suppose -3*b = -6*b + 75. Suppose b + 107 = 5*g - f, f + 24 = g. Calculate the greatest common divisor of g and 90.
9
Let z(j) = 2*j**3 - 29*j**2 - 19*j + 62. Let n be z(15). Suppose -n*d = 0, 434 = s + 37*d - 39*d. Calculate the highest common divisor of s and 28.
14
Suppose 0 = 2*o + 4*w - 432, -4*o + 3*w = -285 - 546. Let y be 8673/63 - (-6)/(-36)*-2 - 12. What is the greatest common divisor of y and o?
42
Suppose 165 = 36*m - 213 + 54. What is the greatest common factor of m and 8244?
9
Let m(k) = 3*k**2 - 112*k + 410. Let l be m(34). Let h = 30 + -16. What is the greatest common factor of l and h?
14
Suppose 7*b + 484 = -13. Let l = 75 + b. What is the highest common divisor of l and 14?
2
Let u(x) = 7*x - 25. Suppose -8 = 5*w + 37. Let p(n) = -3*n - 16. Let a be p(w). Let y be u(a). Calculate the greatest common divisor of 130 and y.
26
Suppose -758*q = -5*l - 759*q + 804, -5*q = -4*l + 620. Calculate the greatest common divisor of 2080 and l.
160
Let i(w) = -w**2 + 18*w - 1. Let j(d) = -d**2 + 3*d + 8. Let l be j(8). Let k = 41 + l. Let y be i(k). Calculate the highest common factor of 16 and y.
16
Suppose 2*c + 59 = 5*i, 3*c = -0*c + 9. Suppose i*g - 96 = 34. Calculate the highest common factor of 70 and g.
10
Let j(s) = 6*s + 31. Let c be j(-5). Let r be (c*6/(-3))/(-1). Calculate the highest common factor of r and 10.
2
Let u = -32 - -34. Suppose -u = r, -2*k - 2*r + 4*r = -48. What is the greatest common divisor of k and 2?
2
Suppose -2101 = -p - d, 4*p - 155*d + 150*d - 8449 = 0. What is the greatest common divisor of p and 243?
81
Suppose -6*k - 5*k = -1386. Let n = 152 + -138. What is the highest common factor of n and k?
14
Let o be 12/16 + (-167013)/(-36). What is the highest common factor of o and 58?
58
Let p be 5 - 136/(-6) - (-6)/(-9). Suppose -14*v = -2*l - 13*v + p, 0 = -l + 4*v + 31. What is the highest common factor of 407 and l?
11
Suppose -2*j = -q + 972, -7 = 214*j - 215*j. What is the greatest common factor of q and 406?
58
Let v(p) = 2*p**2 + 80*p - 329. Let d be v(-47). Calculate the greatest common divisor of d and 141.
47
Let l = 568 - 298. Calculate the greatest common factor of 90 and l.
90
Let x(l) = -2*l**3 + 2*l**2 + 15*l + 8. Let n be x(7). Let f = -450 - n. What is the greatest common factor of f and 575?
25
Let y(h) = 4*h**2 - 113*h + 1564. Let a be y(16). Calculate the greatest common factor of a and 108.
12
Let w be (-16)/(-2)*(-273)/52. Let r = w + 70. Suppose 0 = -5*l + 534 + 726. Calculate the highest common factor of l and r.
28
Suppose 14*o - 2391 = -38*o + 7593. What is the greatest common divisor of o and 1416?
24
Suppose 3*j + 16 = 7. Let k be j/(-2)*((-1)/3 + 1). Let o be (k/(-1) - 0)*(-6)/2. What is the greatest common factor of o and 12?
3
Let g(w) = 11*w + 352. Let q be g(-20). Suppose -43*v = -45*v + 440. Calculate the highest common factor of q and v.
44
Let s(l) = -9*l. Let g be s(-1). Let q = -1200 - -1209. What is the greatest common factor of g and q?
9
Suppose 1359 = 17*s - 919. Suppose -5*u - 97 - 38 = 5*m, 5*u + 4*m + s = 0. Let i be (3 - u/(-6))*(5 + -41). What is the greatest common divisor of 12 and i?
12
Suppose -672 = -14*g + 504. What is the greatest common divisor of 1869 and g?
21
Let o be 358394/1397 + (34/(-22) - -1). What is the greatest common divisor of o and 464?
16
Let x = -550 - -273. Let a = 398 + x. Suppose 23 = 2*z + u, -z = -2*u - 1 - 8. Calculate the highest common factor of z and a.
11
Suppose -k - 4*r + 8 = -8, -76 = -4*k - 4*r. Let h = 25 - k. Suppose -27 = -h*p + 53. Calculate the greatest common factor of 40 and p.
8
Let i = 85 - 19. Let c = 136 - i. Suppose -43 = -3*t + 272. Calculate the greatest common factor of t and c.
35
Let i be ((-3 + 4)*1)/((-5)/(-70)). Suppose 11 = 3*b - l, -b + 3*l + 3 = -i. Suppose -10 - 10 = -b*h. What is the greatest common divisor of 10 and h?
10
Suppose 4*z - 18 = -2*t, 3*z - 5 = 4*z. Let h be (-38)/18*((-122148)/(-117))/(-116). Calculate the greatest common divisor of h and t.
19
Let j = -147 + 237. Suppose -5*t + 4*t + 2 = 0, 0 = r + t - 16. Let q be (-6)/(r/(-20) - 1/(-2)). What is the highest common factor of q and j?
30
Suppose -23*h + 456 = 88. Calculate the greatest common factor of 472 and h.
8
Let c(h) = -8740*h + 134. Let y be c(-1). What is the greatest common factor of y and 29?
29
Let r(u) = 2*u + 44. Let q be r(-10). Suppose w + q + 3 = c, -2*c + 64 = -4*w. Calculate the greatest common